Calculate the greatest common divisor of i and 96.
6
Let d be 2/7 - 13794/(-133). Suppose 0*k = 2*k + 8, -2*s - k = -22. What is the greatest common factor of d and s?
13
Let j be 12/18 + (-44)/(-6). Suppose -j + 6 = q. Let n be 1 + -5 - 96/q. What is the greatest common divisor of n and 11?
11
Let y(p) = -6*p**2 + 32*p - 21. Let i(a) = -5*a**2 + 31*a - 22. Let d(r) = 5*i(r) - 4*y(r). Let f be d(17). Calculate the highest common factor of 9 and f.
9
Let q be (-3*1)/((-29)/203). Let r = -44 - -191. What is the highest common divisor of r and q?
21
Let g be 112/(3 + (-6)/(120/55)). Calculate the highest common factor of 64 and g.
64
Suppose -h - 3 = -4. Let d = 7 + 15. Let p = d + -15. What is the greatest common factor of p and h?
1
Let x = 12 + 113. Let r(h) be the second derivative of -h**3/6 + 9*h**2/2 + 10*h. Let b be r(-16). Calculate the greatest common divisor of b and x.
25
Let r = 129 - -200. Calculate the highest common divisor of r and 94.
47
Suppose 718 = 3*a - 3*p + 2*p, -a + 2*p + 246 = 0. Calculate the greatest common divisor of a and 14.
14
Suppose 8 = -5*j + 7*j. Suppose -4*b = -j*z - 8, 4*b - 9 - 23 = -4*z. Suppose z*k + 0 = 486. What is the highest common divisor of k and 18?
18
Let x(m) = m**3 - 16*m**2 + 9*m + 105. Let j be x(15). Let o = -215 + 320. Calculate the highest common factor of o and j.
15
Let h = 318 - 285. Calculate the greatest common divisor of 1221 and h.
33
Let m(w) = 46*w + 16. Let b be m(3). Calculate the greatest common factor of 14 and b.
14
Let z(t) = -t**3 + 6*t**2 + 10*t - 36. Let f be z(6). Let r be (16*11 - -1) + 2. Let m = -107 + r. Calculate the greatest common divisor of m and f.
24
Suppose 3*m + 67 = 130. Calculate the greatest common divisor of 161 and m.
7
Suppose -2*v - 12 = 5*k + 2, -2 = 2*v + 2*k. Suppose -v*q - 2 + 20 = 0. Calculate the greatest common divisor of q and 24.
6
Let k(c) be the first derivative of -19*c**2 + 8*c - 51. Let r be k(-3). Calculate the greatest common factor of r and 305.
61
Suppose 0 = -4*n - n + 15. Let f be 75 - (n - (0 + 0)). Calculate the greatest common divisor of f and 48.
24
Suppose -4*u - s = -8*u + 32, -2*s = 5*u - 53. Let n = -40 + 49. Calculate the highest common factor of u and n.
9
Let d(x) = -10*x - 79. Let r be d(-10). What is the highest common divisor of 798 and r?
21
Let m be (-1)/4 - 29/(-4). Let f be 3 + (-23)/(46/12) - -4. What is the highest common factor of f and m?
1
Suppose -h - 5*o - 3 = 10, 5*h - 5*o - 25 = 0. Suppose -4*p = 4, 4*c - h*p - 23 = -3*p. Suppose c*s + 12 = 7*s. Calculate the highest common divisor of s and 2.
2
Suppose -3*l = -4*h - 4 + 1, h + 5*l = 5. Suppose h = -0*q - 3*q + 12. Let i be 8/(-12)*(q - 31). Calculate the greatest common divisor of i and 144.
18
Let p = 2393 + -2273. Calculate the greatest common divisor of 192 and p.
24
Let x = 966 + -736. What is the greatest common divisor of x and 5?
5
Let g(o) = o**2 - o - 10. Let b be g(10). Let q be (7 + -6)/((-2)/b). Let k = 46 + q. Calculate the greatest common divisor of 6 and k.
6
Let d = 4 - -2. Suppose 13 = d*k - 11. Calculate the greatest common factor of k and 4.
4
Let u(v) = -v**3 - 8*v**2 + 8*v - 5. Let c = 8 + -17. Let o be u(c). Suppose o*t - 160 = 2*t. What is the greatest common divisor of t and 8?
8
Let u = 425 + -413. What is the greatest common divisor of u and 24?
12
Suppose -4*i - 82 + 142 = 0. Suppose -x = 4*r - i, -4*x + 20 = 3*r - 14. What is the highest common factor of 28 and x?
7
Let n(o) = o**2 - 3*o - 64. Let r be n(19). Calculate the greatest common factor of 48 and r.
48
Suppose 2*i + 27 = 2*x + i, i = -4*x + 45. Calculate the highest common divisor of x and 4.
4
Let o be 2/3 + (-613)/(-3). Suppose m - 55 = o. Suppose m = 2*y + 3*y. What is the greatest common divisor of 13 and y?
13
Suppose 2*p + 8 = -3*s + 43, -3*p + 15 = -3*s. Calculate the highest common divisor of p and 152.
2
Let t be (10 - 2)*(-25)/(-30)*249. What is the highest common factor of 20 and t?
20
Let x be 39*2 - (0 - 1). Let c = -51 + x. Suppose 7*w - c = 5*w. What is the greatest common divisor of w and 42?
14
Suppose 5*m + 11 = q, m = -4*q - 22 + 3. Let d be 90/(-8)*8/m. Let r be (-1)/3 + 272/6. Calculate the highest common factor of r and d.
15
Suppose r = 6*r + 3*o + 720, 4*o + 20 = 0. Let p = 312 + -106. Let z = p + r. What is the greatest common factor of 26 and z?
13
Let j be ((-30)/(-40))/(2/8). Suppose 0 = g - j*g + 36. Let o = g - 12. What is the highest common factor of o and 24?
6
Suppose -17*i = -23*i + 1056. Let c be (-5346)/(-121) + 4/(-22). Calculate the greatest common factor of i and c.
44
Let l = 98 - 188. Suppose 60 = 4*h - 7*h. Let y = h - l. What is the highest common divisor of y and 10?
10
Suppose -13*p + 8*p = 0. Let w be (-3)/(p/(-3) + -1). Suppose 0*f = -f - w*h + 26, -38 = -3*f - h. What is the highest common factor of f and 11?
11
Let n be 49/((-1)/4*(26 - 28)). What is the highest common divisor of n and 126?
14
Suppose -k + 4 + 20 = 0. Let v be ((59/(-118))/(1/2))/((-1)/2). What is the greatest common divisor of v and k?
2
Let f be (-15452)/(-16) - (-12)/48. Calculate the greatest common divisor of 42 and f.
42
Let c be (5 + 0)/((-2)/(-4)) + 3. Let b = 32 + c. Calculate the greatest common divisor of b and 5.
5
Let z = 10 + -6. Suppose -w = w - 5*p - 3, -z*w + 2*p + 14 = 0. Let v be 29 + (-11 - -3)/w. Calculate the greatest common divisor of v and 54.
27
Let m(j) = j**3 - 4*j**2 - 4*j - 24. Let a be m(6). What is the highest common factor of a and 88?
8
Suppose -4*r + 27 = -21. Suppose 0 = -7*y + 6*y + r. Let j(o) = o**3 - 2*o**2 - 6*o + 4. Let h be j(4). Calculate the highest common factor of y and h.
12
Let s be 6/(-4) + 14/4 + 67. Let q be 0 + 1236/27 + 4/18. What is the highest common factor of q and s?
23
Suppose 3*f + 3 = 6*f. Let h = f + 22. Suppose 2*r = 0, 0*r = -5*o + 2*r + 1035. Calculate the highest common divisor of o and h.
23
Suppose 5*b - f = 17, -2*b + 2*f + 0*f + 2 = 0. Suppose 0 = b*g + h - 46 - 10, -4*g + 44 = -2*h. Calculate the highest common divisor of 39 and g.
13
Let h = -8 - -74. Let o(d) = 4*d - 2. Let r be o(2). Calculate the highest common divisor of r and h.
6
Let d(b) = -30*b - 784. Let m be d(-32). What is the greatest common divisor of m and 32?
16
Suppose 152 = 6*r - 2*r. Suppose -r*o - 94 = -40*o. What is the highest common factor of o and 517?
47
Suppose -27 = c - 30. Suppose 6*f - c*f - 12 = 0. What is the highest common factor of 1 and f?
1
Suppose -47 = 3*p + 10. Let i = -15 - p. Suppose -i*r + 9 - 1 = 0. What is the greatest common divisor of 10 and r?
2
Let h = -37 - -91. Suppose -h = -y + 2. Let a = -3 + 17. What is the highest common factor of a and y?
14
Suppose -2*l + 169 = l - 4*t, -2*l + 131 = t. Suppose -a + l = 5*j, 3*j + 4*a - 45 = a. What is the highest common divisor of 3 and j?
3
Let d(u) = 6*u**2 + 98*u - 32. Let k be d(-18). What is the greatest common factor of k and 185?
37
Let f(b) = -b**3 - 16*b**2 - 19*b + 27. Let j be f(-15). Calculate the highest common factor of j and 116.
29
Suppose -91*y = -83*y - 720. What is the highest common divisor of 210 and y?
30
Suppose 0 = -38*b - 15445 + 42045. Calculate the highest common factor of b and 28.
28
Let i = 287 + 88. Calculate the greatest common factor of i and 25.
25
Let b(h) = 7*h. Let x be b(4). Suppose 0 = -5*w + 3*w - 19 + 33. What is the highest common divisor of w and x?
7
Suppose -10*w + 216 = 17*w. Calculate the greatest common divisor of 32 and w.
8
Let p(u) = u**3 + 7*u**2 + 6*u + 4. Let f be p(-6). Suppose f*a = 8*a - 12. Calculate the highest common divisor of a and 39.
3
Let c(o) = 3*o - 53. Let u be c(23). Suppose -b + 8 = 3*b. Suppose -4*y + 196 = -d, -3*d + 68 + 16 = b*y. What is the highest common divisor of u and y?
16
Let j(w) = -2*w**3 + 16*w**2 - 8*w + 3. Let s be j(7). Let q = -32 - -31. Let z be (-72)/4*q/2. Calculate the highest common divisor of s and z.
9
Suppose -4*f - 42 = -7*f. Suppose -83 + 13 = -2*p. What is the greatest common factor of f and p?
7
Let h be 96*3 - (-1 + -1). Suppose 3*u - u - 116 = 0. Suppose 5*t = -3*x + 87, 2*x + 0*t = -5*t + u. What is the greatest common divisor of x and h?
29
Suppose 0 = -27*a + 26*a + 8. Let o be 14*(100/a - 3). Suppose -4*i = -v - 78, 5*v + 67 = i + 2*i. What 